{"id":345,"date":"2023-12-06T11:09:52","date_gmt":"2023-12-06T14:09:52","guid":{"rendered":"https:\/\/inovabr.info\/projetos\/chaleiraverde\/?post_type=product&#038;p=345"},"modified":"2023-12-06T11:15:10","modified_gmt":"2023-12-06T14:15:10","slug":"lovely","status":"publish","type":"product","link":"https:\/\/inovabr.info\/projetos\/chaleiraverde\/produto\/lovely\/","title":{"rendered":"Lovely"},"content":{"rendered":"<p><strong>Valioso bem-estar para corpo e mente<\/strong><\/p>\n<p>Origin\u00e1rio da China, o ch\u00e1 verde \u00e9 uma bebida milenar fascinante, que nos \u00faltimos anos se tornou o ch\u00e1 real mais consumido no mundo. Os ativos presentes no ch\u00e1 verde fazem com que ele seja uma bebida ben\u00e9fica para a sa\u00fade geral do<br \/>\norganismo, al\u00e9m de muito arom\u00e1tica, refrescante e saborosa. \u00c9 rico em antioxidantes naturais, como as catequinas, que<br \/>\najudam a prevenir o envelhecimento precoce, e a L-teanina, que \u00e9 capaz de melhorar o desempenho cognitivo, pois tem<br \/>\nefeitos na sa\u00fade cerebral e mental. Desfrute dos sabores e funcionalidades do ch\u00e1 verde e o adote no seu dia a dia!<\/p>\n<p><strong>Ingredientes:<\/strong> Ch\u00e1 verde, cora\u00e7\u00f5es de a\u00e7\u00facar, p\u00e9talas de rosa, bot\u00f5es de rosa, aroma natural. Sabor: creme e morango. N\u00e3o cont\u00e9m gl\u00faten. Cont\u00e9m cafe\u00edna.<\/p>\n<p><strong>Propriedades:<\/strong> Ajuda a prevenir envelhecimento precoce. Cont\u00e9m L-teanina. Auxilia no fortalecimento do sistema imunol\u00f3gico.<\/p>\n<p><strong>Pa\u00eds de origem:<\/strong> Alemanha.<br \/>\n<strong>Perfil de sabor:<\/strong> Creme e morango.<br \/>\n<strong>Recomenda\u00e7\u00f5es:<\/strong> Quente ou gelado.<\/p>\n<p><strong>Preparando ch\u00e1 verde: <\/strong>Para fazer uma x\u00edcara de ch\u00e1, recomendamos colocar uma colher (de ch\u00e1 cheia) de ch\u00e1 verde em 150ml de \u00e1gua a 70\u00b0C. Feito isso, deixe as folhas infusionando por 2 a 3 minutos. Coe e aprecie o sabor de um maravilhoso ch\u00e1 verde.<\/p>\n","protected":false},"excerpt":{"rendered":"<p>Um mar delicado de ch\u00e1 verde e rosas, para os cora\u00e7\u00f5es baterem mais forte.<strong>30g (embalagem: saco pouch).<\/strong><\/p>\n<p><strong><img decoding=\"async\" class=\"alignnone wp-image-346 size-full\" src=\"https:\/\/inovabr.info\/projetos\/chaleiraverde\/wp-content\/uploads\/2023\/12\/chaverde.png\" alt=\"\" width=\"242\" height=\"50\" \/><\/strong><\/p>\n","protected":false},"featured_media":347,"comment_status":"open","ping_status":"closed","template":"","meta":[],"product_cat":[71],"product_tag":[],"class_list":{"0":"post-345","1":"product","2":"type-product","3":"status-publish","4":"has-post-thumbnail","6":"product_cat-cha-verde","8":"first","9":"instock","10":"shipping-taxable","11":"purchasable","12":"product-type-simple"},"_links":{"self":[{"href":"https:\/\/inovabr.info\/projetos\/chaleiraverde\/wp-json\/wp\/v2\/product\/345","targetHints":{"allow":["GET"]}}],"collection":[{"href":"https:\/\/inovabr.info\/projetos\/chaleiraverde\/wp-json\/wp\/v2\/product"}],"about":[{"href":"https:\/\/inovabr.info\/projetos\/chaleiraverde\/wp-json\/wp\/v2\/types\/product"}],"replies":[{"embeddable":true,"href":"https:\/\/inovabr.info\/projetos\/chaleiraverde\/wp-json\/wp\/v2\/comments?post=345"}],"wp:featuredmedia":[{"embeddable":true,"href":"https:\/\/inovabr.info\/projetos\/chaleiraverde\/wp-json\/wp\/v2\/media\/347"}],"wp:attachment":[{"href":"https:\/\/inovabr.info\/projetos\/chaleiraverde\/wp-json\/wp\/v2\/media?parent=345"}],"wp:term":[{"taxonomy":"product_cat","embeddable":true,"href":"https:\/\/inovabr.info\/projetos\/chaleiraverde\/wp-json\/wp\/v2\/product_cat?post=345"},{"taxonomy":"product_tag","embeddable":true,"href":"https:\/\/inovabr.info\/projetos\/chaleiraverde\/wp-json\/wp\/v2\/product_tag?post=345"}],"curies":[{"name":"wp","href":"https:\/\/api.w.org\/{rel}","templated":true}]}}