{"id":332,"date":"2023-12-06T10:41:41","date_gmt":"2023-12-06T13:41:41","guid":{"rendered":"https:\/\/inovabr.info\/projetos\/chaleiraverde\/?post_type=product&#038;p=332"},"modified":"2023-12-06T10:45:15","modified_gmt":"2023-12-06T13:45:15","slug":"berries","status":"publish","type":"product","link":"https:\/\/inovabr.info\/projetos\/chaleiraverde\/produto\/berries\/","title":{"rendered":"Berries"},"content":{"rendered":"<p><strong>Frutada, deliciosa e colorida<\/strong><\/p>\n<p>A infus\u00e3o de frutas \u00e9 um cl\u00e1ssico entre as bebidas de infus\u00e3o. Uma excelente op\u00e7\u00e3o para quem pretende diminuir o<br \/>\nconsumo de sucos e refrigerantes, pois estes blends possuem baixo teor cal\u00f3rico, s\u00e3o ricos em antioxidantes e n\u00e3o cont\u00eam<br \/>\ncafe\u00edna, podendo ser ingeridos a qualquer hora do dia. Os blends de frutas s\u00e3o especialmente saborosos e podem ser consumidos quentes, gelados e na forma de drinks.<\/p>\n<p><strong>Ingredientes:<\/strong> Hibisco, uva, framboesa, groselha, amora, ameixa, goji berry, zimbro, sabugueiro, mirtilo, cranberry, morango, aroma natural. N\u00e3o cont\u00e9m gl\u00faten. N\u00e3o cont\u00e9m cafe\u00edna.<\/p>\n<p><strong>Propriedades:<\/strong> Rico em antioxidantes. Ajuda a reduzir os danos celulares causados pelo estresse do dia a dia. Auxilia na melhora da circula\u00e7\u00e3o sangu\u00ednea.<\/p>\n<p><strong>Pa\u00eds de origem:<\/strong> Alemanha.<br \/>\n<strong>Perfil de sabor:<\/strong> Frutado<strong>.<\/strong><br \/>\n<strong>Recomenda\u00e7\u00f5es:<\/strong> Quente ou gelado.<\/p>\n<p><strong>Preparando ch\u00e1 gelado:<\/strong> Fa\u00e7a o ch\u00e1 ou infus\u00e3o de sua prefer\u00eancia e acrescente gelo. Se preferir, coloque na geladeira at\u00e9 que ele atinja a temperatura desejada. O resultado \u00e9 uma bebida saborosa e refrescante.<\/p>\n","protected":false},"excerpt":{"rendered":"<p>Uma verdadeira experi\u00eancia de sabor intenso e frutado. A escolha de sucesso para um drink com ou sem \u00e1lcool.<strong> 30g (embalagem: saco pouch).<\/strong><\/p>\n<p><strong><img decoding=\"async\" class=\"alignnone wp-image-333 size-full\" src=\"https:\/\/inovabr.info\/projetos\/chaleiraverde\/wp-content\/uploads\/2023\/12\/berries.png\" alt=\"\" width=\"248\" height=\"49\" \/><\/strong><\/p>\n","protected":false},"featured_media":331,"comment_status":"open","ping_status":"closed","template":"","meta":[],"product_cat":[69],"product_tag":[],"class_list":{"0":"post-332","1":"product","2":"type-product","3":"status-publish","4":"has-post-thumbnail","6":"product_cat-infusao-de-frutas","8":"first","9":"instock","10":"shipping-taxable","11":"purchasable","12":"product-type-simple"},"_links":{"self":[{"href":"https:\/\/inovabr.info\/projetos\/chaleiraverde\/wp-json\/wp\/v2\/product\/332","targetHints":{"allow":["GET"]}}],"collection":[{"href":"https:\/\/inovabr.info\/projetos\/chaleiraverde\/wp-json\/wp\/v2\/product"}],"about":[{"href":"https:\/\/inovabr.info\/projetos\/chaleiraverde\/wp-json\/wp\/v2\/types\/product"}],"replies":[{"embeddable":true,"href":"https:\/\/inovabr.info\/projetos\/chaleiraverde\/wp-json\/wp\/v2\/comments?post=332"}],"wp:featuredmedia":[{"embeddable":true,"href":"https:\/\/inovabr.info\/projetos\/chaleiraverde\/wp-json\/wp\/v2\/media\/331"}],"wp:attachment":[{"href":"https:\/\/inovabr.info\/projetos\/chaleiraverde\/wp-json\/wp\/v2\/media?parent=332"}],"wp:term":[{"taxonomy":"product_cat","embeddable":true,"href":"https:\/\/inovabr.info\/projetos\/chaleiraverde\/wp-json\/wp\/v2\/product_cat?post=332"},{"taxonomy":"product_tag","embeddable":true,"href":"https:\/\/inovabr.info\/projetos\/chaleiraverde\/wp-json\/wp\/v2\/product_tag?post=332"}],"curies":[{"name":"wp","href":"https:\/\/api.w.org\/{rel}","templated":true}]}}